{"id":148,"date":"2020-10-04T12:00:22","date_gmt":"2020-10-04T12:00:22","guid":{"rendered":"https:\/\/frezavimonamai.lt\/?page_id=148"},"modified":"2024-04-23T10:14:17","modified_gmt":"2024-04-23T10:14:17","slug":"tentines-iskabos","status":"publish","type":"page","link":"https:\/\/frezavimonamai.lt\/index.php\/tentines-iskabos\/","title":{"rendered":"Tentin\u0117s i\u0161kabos"},"content":{"rendered":"\n<h4 class=\"wp-block-heading\"><strong>Universalumu ir prakti\u0161kumu reklaminiams tentams sunku prilygti kitoms reklamos priemon\u0117ms.<\/strong><br><strong>Tentai gaminami i\u0161 PVC, yra atspar\u016bs \u012fvairioms oro s\u0105lygoms, tinka ir vidaus ir lauko reklamai.<\/strong><br><strong>Tent\u0173 stend\u0173 \u012frengimas nereikalauja dideli\u0173 investicij\u0173, j\u0173 montavimo sistema n\u0117ra \u017ealinga<\/strong><br><strong>aplinkai, o reklama taip pat greitai i\u0161montuojama. Tentus galime suklijuoti iki neriboto dyd\u017eio.<\/strong><br><strong>Tentuose galime padaryti metalinius \u017eiedus tvirtinimui.<\/strong><\/h4>\n\n\n\n<figure class=\"wp-block-embed is-type-video is-provider-youtube wp-block-embed-youtube wp-embed-aspect-16-9 wp-has-aspect-ratio\"><div class=\"wp-block-embed__wrapper\">\n<div class=\"ast-oembed-container \" style=\"height: 100%;\"><iframe loading=\"lazy\" title=\"tentai\" width=\"500\" height=\"281\" src=\"https:\/\/www.youtube.com\/embed\/a3PqRw9QiLo?feature=oembed\" frameborder=\"0\" allow=\"accelerometer; autoplay; clipboard-write; encrypted-media; gyroscope; picture-in-picture; web-share\" referrerpolicy=\"strict-origin-when-cross-origin\" allowfullscreen><\/iframe><\/div>\n<\/div><\/figure>\n","protected":false},"excerpt":{"rendered":"<p>Universalumu ir prakti\u0161kumu reklaminiams tentams sunku prilygti kitoms reklamos priemon\u0117ms.Tentai gaminami i\u0161 PVC, yra atspar\u016bs \u012fvairioms oro s\u0105lygoms, tinka ir [&hellip;]<\/p>\n","protected":false},"author":1,"featured_media":0,"parent":0,"menu_order":0,"comment_status":"closed","ping_status":"closed","template":"","meta":{"_uag_custom_page_level_css":"","site-sidebar-layout":"default","site-content-layout":"","ast-site-content-layout":"","site-content-style":"default","site-sidebar-style":"default","ast-global-header-display":"","ast-banner-title-visibility":"","ast-main-header-display":"","ast-hfb-above-header-display":"","ast-hfb-below-header-display":"","ast-hfb-mobile-header-display":"","site-post-title":"","ast-breadcrumbs-content":"","ast-featured-img":"","footer-sml-layout":"","theme-transparent-header-meta":"","adv-header-id-meta":"","stick-header-meta":"","header-above-stick-meta":"","header-main-stick-meta":"","header-below-stick-meta":"","astra-migrate-meta-layouts":"default","ast-page-background-enabled":"default","ast-page-background-meta":{"desktop":{"background-color":"var(--ast-global-color-4)","background-image":"","background-repeat":"repeat","background-position":"center center","background-size":"auto","background-attachment":"scroll","background-type":"","background-media":"","overlay-type":"","overlay-color":"","overlay-gradient":""},"tablet":{"background-color":"","background-image":"","background-repeat":"repeat","background-position":"center center","background-size":"auto","background-attachment":"scroll","background-type":"","background-media":"","overlay-type":"","overlay-color":"","overlay-gradient":""},"mobile":{"background-color":"","background-image":"","background-repeat":"repeat","background-position":"center center","background-size":"auto","background-attachment":"scroll","background-type":"","background-media":"","overlay-type":"","overlay-color":"","overlay-gradient":""}},"ast-content-background-meta":{"desktop":{"background-color":"var(--ast-global-color-5)","background-image":"","background-repeat":"repeat","background-position":"center center","background-size":"auto","background-attachment":"scroll","background-type":"","background-media":"","overlay-type":"","overlay-color":"","overlay-gradient":""},"tablet":{"background-color":"var(--ast-global-color-5)","background-image":"","background-repeat":"repeat","background-position":"center center","background-size":"auto","background-attachment":"scroll","background-type":"","background-media":"","overlay-type":"","overlay-color":"","overlay-gradient":""},"mobile":{"background-color":"var(--ast-global-color-5)","background-image":"","background-repeat":"repeat","background-position":"center center","background-size":"auto","background-attachment":"scroll","background-type":"","background-media":"","overlay-type":"","overlay-color":"","overlay-gradient":""}},"footnotes":""},"class_list":["post-148","page","type-page","status-publish","hentry"],"uagb_featured_image_src":{"full":false,"thumbnail":false,"medium":false,"medium_large":false,"large":false,"1536x1536":false,"2048x2048":false},"uagb_author_info":{"display_name":"frezavimonamai","author_link":"https:\/\/frezavimonamai.lt\/index.php\/author\/frezavimonamai\/"},"uagb_comment_info":0,"uagb_excerpt":"Universalumu ir prakti\u0161kumu reklaminiams tentams sunku prilygti kitoms reklamos priemon\u0117ms.Tentai gaminami i\u0161 PVC, yra atspar\u016bs \u012fvairioms oro s\u0105lygoms, tinka ir [&hellip;]","_links":{"self":[{"href":"https:\/\/frezavimonamai.lt\/index.php\/wp-json\/wp\/v2\/pages\/148","targetHints":{"allow":["GET"]}}],"collection":[{"href":"https:\/\/frezavimonamai.lt\/index.php\/wp-json\/wp\/v2\/pages"}],"about":[{"href":"https:\/\/frezavimonamai.lt\/index.php\/wp-json\/wp\/v2\/types\/page"}],"author":[{"embeddable":true,"href":"https:\/\/frezavimonamai.lt\/index.php\/wp-json\/wp\/v2\/users\/1"}],"replies":[{"embeddable":true,"href":"https:\/\/frezavimonamai.lt\/index.php\/wp-json\/wp\/v2\/comments?post=148"}],"version-history":[{"count":3,"href":"https:\/\/frezavimonamai.lt\/index.php\/wp-json\/wp\/v2\/pages\/148\/revisions"}],"predecessor-version":[{"id":433,"href":"https:\/\/frezavimonamai.lt\/index.php\/wp-json\/wp\/v2\/pages\/148\/revisions\/433"}],"wp:attachment":[{"href":"https:\/\/frezavimonamai.lt\/index.php\/wp-json\/wp\/v2\/media?parent=148"}],"curies":[{"name":"wp","href":"https:\/\/api.w.org\/{rel}","templated":true}]}}